*1?
9
Suppose 3*y - 2*g - 81 = -7*g, -g - 63 = -3*y. What is the remainder when 42 is divided by y?
20
Let m(l) = 29*l + 3. What is the remainder when m(2) is divided by 16?
13
Let y = 43 + -34. Calculate the remainder when 53 is divided by y.
8
Calculate the remainder when 64 is divided by 122/7 + 6/(-14).
13
Let m be 1840/64 - (-1)/4. Let v = m + -17. Calculate the remainder when ((-14)/3)/((-2)/15) is divided by v.
11
Suppose 0 = -3*j + 21 + 9. Let m = 94 - 57. Calculate the remainder when m is divided by j.
7
Let v = -17 - -31. Calculate the remainder when 23 is divided by v.
9
Suppose 174 - 39 = 5*d. Calculate the remainder when 106 is divided by d.
25
Let c(t) = -20*t + 1. Calculate the remainder when 40 is divided by c(-1).
19
Let a be 264/10 - (-4)/(-10). Suppose -3*p = -3*c - 30, 0 = 4*p + c + 1 - a. Calculate the remainder when p is divided by 3*-1*(1 + -2).
1
Let v = 34 - 14. Calculate the remainder when 78 is divided by v.
18
Suppose x + 4*w - 36 = 11, -2*w = -2*x + 54. Let u = -5 + 21. What is the remainder when x is divided by u?
15
Suppose 4*x - 2*x - 2 = 0. Suppose 0 = 2*y - f - 25, 3*y - 5*f - 20 = 14. Calculate the remainder when 57*(2/3)/x is divided by y.
12
What is the remainder when 22 is divided by 6*(0 + (-4)/16)*-2?
1
Suppose -11 = -3*s - d, -d + 22 = s + 3*d. Calculate the remainder when 4 is divided by s.
0
Let b(p) = -p**2 + 6*p + 4. What is the remainder when 10 is divided by b(6)?
2
Let y = -17 - -22. What is the remainder when y is divided by 4?
1
Suppose 3*x - 101 = -4*c, -128 = -5*c - 2*x - 0*x. Suppose 4*p = 3*d - 78, 0*d - 2*p = d - c. What is the remainder when d is divided by 9?
8
Suppose 2*f + 10 = 4*w + 4, 0 = -f + 5. Suppose -17 = -2*j + 3. What is the remainder when j is divided by w?
2
Let j = 3 + 5. Let a(f) = f - 5. Let i be a(9). Suppose -3*s + 18 = -s - 4*d, -9 = -i*s - d. Calculate the remainder when j is divided by s.
2
Suppose b - 3*b = 0. Suppose -3*k + 2*k + 32 = b. Calculate the remainder when k is divided by 11.
10
Suppose 2*n - 1 = -7. What is the remainder when 23 is divided by n - (-3 - -2)*11?
7
Suppose -k + 2*k = 5. Suppose 0 = -6*s + k*s - 3. Calculate the remainder when 43 is divided by 6*-5*s/6.
13
Suppose 3*j - 139 = 5*k, 2*j - 2*k - k - 93 = 0. What is the remainder when 333 is divided by j?
45
Let m(f) = 3*f**3 + 2*f**2 - 5*f + 1. Calculate the remainder when 68 is divided by m(2).
22
Let i = 6 - -3. What is the remainder when 31 is divided by i?
4
Suppose 6*h - 212 = 2*h. Let v = 58 + -44. Calculate the remainder when h is divided by v.
11
Suppose 0*a = -3*a + 45. Let f = 28 - a. What is the remainder when 24 is divided by f?
11
Let y = 29 + -20. Let r = 23 - y. What is the remainder when 26 is divided by r?
12
Let l(d) = 3*d**2 - 8*d + 2. Let m be l(6). Let p = m - 42. Calculate the remainder when 58 is divided by p.
18
Let b(o) = -o**3 - 5*o**2 - 4*o - 6. Let s(x) = -x - 8. Let k be s(-4). Let q be b(k). Calculate the remainder when (39/(-9))/(2/q) is divided by 7.
6
Suppose 5*p = 3*k - 18 + 81, -p = k - 11. What is the remainder when 45 is divided by p?
9
Let r(f) = -21*f**3 - 3*f**2 + 3*f. Let j(y) = -y**2 + y. Let w(o) = 2*j(o) - r(o). Let s(b) = 8*b. What is the remainder when s(5) is divided by w(1)?
19
Let m(y) be the second derivative of 3*y**5/20 - y**4/12 - 2*y**3/3 - y**2/2 + 4*y. Suppose 3*g - 40 = g. Calculate the remainder when m(3) is divided by g.
19
Suppose -2*u + 0*u = -86. Calculate the remainder when u is divided by 23.
20
Suppose 0 = -x + 2*x - 1, -5*y = 5*x - 105. Let h = y + -7. What is the remainder when 50 is divided by h?
11
Let i(m) = m**2 + 8*m + 1. Let x be i(-8). Let b(w) = 8*w**2 + w. What is the remainder when b(x) is divided by 5?
4
Calculate the remainder when 19 is divided by ((-42)/3 - -3)*-1.
8
Suppose -3*d - d - 4 = 0. Let y = 9 + d. Let w = -4 + y. What is the remainder when w is divided by 3?
1
What is the remainder when (-40)/4*8/(-5) is divided by 9?
7
Suppose 0 = -3*b + 5*b + 6. Calculate the remainder when 5 is divided by (-1)/(b - 10/(-4)).
1
Let p(w) = 3*w**2 + 4*w - 3. Suppose z - 3*y = 18, -42 = -5*z - 2*y + 5*y. Calculate the remainder when p(2) is divided by z.
5
Let f = -35 + 55. Suppose -j = -f - 2. Calculate the remainder when 65 is divided by j.
21
Suppose 5*h - 61 - 64 = 0. Let s = -37 - -44. What is the remainder when h is divided by s?
4
Let t(n) = n**3 - 2*n**2 - 3*n - 4. Suppose -15*p + 30 = -10*p. What is the remainder when t(4) is divided by p?
4
Let m(c) be the second derivative of 0 - 1/3*c**3 + 1/4*c**4 - 3/2*c**2 - 2*c. What is the remainder when 52 is divided by m(3)?
16
Let a = 13 + -7. Let t = 28 - a. Suppose 27 = h - t. Calculate the remainder when h is divided by 17.
15
What is the remainder when (-12)/(-8)*(-3)/((-36)/104) is divided by 11?
2
Let f = 30 - 12. Suppose -d + 5*i + 2 = 0, -3*i + f = 2*d - d. Calculate the remainder when (-5 + 2/1)/(9/(-102)) is divided by d.
10
Let j = 324 + -315. Suppose 0 = 4*t + 5*h + 16 - 133, -h = -5. What is the remainder when t is divided by j?
5
Suppose 0 = -3*i + 6 + 3, 2*w + 2*i = 136. What is the remainder when w is divided by 17?
14
Suppose 2*v = 4*v - 26. Calculate the remainder when v is divided by (-1)/(3/(-36)*3).
1
Calculate the remainder when 47 is divided by 16 - -1 - (0 - -4 - 3).
15
Let z(g) = -3 - 2 + 5 - 5*g - 2. Calculate the remainder when z(-5) is divided by 12.
11
Suppose 0 = a - 7 - 5. What is the remainder when a is divided by 7?
5
Let x(c) = -c**3 + 7*c**2 - 8*c + 6. Let q(v) = -v**2 + 6*v + 4. What is the remainder when x(5) is divided by q(5)?
7
Suppose -47 = -3*p - a, -3*a = -2*a + 4. Let c be 3/1 - 12/4. Suppose 3*h = -c*h + 27. What is the remainder when p is divided by h?
8
Let f(b) = b - 4. Let u = -34 + 55. Calculate the remainder when u is divided by f(10).
3
Let f = 51 + -17. Let n = f + -13. Calculate the remainder when 41 is divided by n.
20
Suppose -5*p + 240 = 5*o, 2*o = 3*o - p - 50. Calculate the remainder when o is divided by 10.
9
Let j(r) = r**3 - 7*r**2 + 5*r + 10. Let b be j(6). Suppose w = 5*h + 26, b*h = -2*w + 3*w - 29. Calculate the remainder when w is divided by 11.
8
Let b(o) = -o + 4. Let q be b(7). Let d = q + 6. What is the remainder when d is divided by 1?
0
Suppose -28 = -4*t + 40. Let d = 27 - 22. What is the remainder when t is divided by d?
2
Let k = 7 + 0. What is the remainder when 12 is divided by k?
5
Let v(q) = q - 5. Let h(y) = -4*y**3 - 4*y**2 - 2*y + 1. Let t be h(-2). Let o = 26 - t. Calculate the remainder when o is divided by v(7).
1
Suppose 10 = -3*n + 40. Suppose h = o + n, h + 3*h = -3*o + 33. Calculate the remainder when h is divided by 5.
4
Suppose -q + 2*d = -4*q + 17, -4*q + 5*d - 8 = 0. Suppose -2*a - 16 = 2*f, q*a = -2*f - 4 - 8. Let h = 41 + f. Calculate the remainder when h is divided by 10.
9
Let r = 108 - 47. Let c = r - 32. Calculate the remainder when c is divided by 8.
5
Suppose 5*m + 2 = 5*v + 97, 0 = -2*v - 6. Suppose d + 0 - 8 = 0. Calculate the remainder when m + -2 - (2 + -2) is divided by d.
6
Suppose 4*n - g = 2*n + 30, 0 = -3*n + g + 43. What is the remainder when 9/(-2)*(-16)/3 is divided by n?
11
Let b(y) = -y**3 + 8*y**2 - y + 10. Let g be b(8). Suppose g*s - 51 = 65. Calculate the remainder when s is divided by 15.
13
Let m(y) = -2 + 0 - 8 + 0*y - 2*y. Calculate the remainder when 10 is divided by m(-7).
2
Suppose 33 = 4*a - w, -25 - 20 = -4*a - 3*w. Let y(g) = -7*g + 3. What is the remainder when y(-3) is divided by a?
6
Let c(u) = 2*u**2 + 6*u + 2. Let k be (-2)/(-11) + (-1308)/(-66). Let f = 39 - k. What is the remainder when f is divided by c(-4)?
9
Suppose 9*p - 13*p + 52 = 0. Calculate the remainder when 50 is divided by p.
11
Suppose -3*d - 4 = -5*z - 20, -16 = -4*d + 4*z. What is the remainder when 2/(-3)*27/(-6) is divided by d?
1
Let j(m) = m**3 - 16*m**2 - 14*m + 17. Suppose f + 6 = 2, 5*c - f = 89. What is the remainder when j(c) is divided by 23?
22
Let d = -163 - -73. Let o = -52 - d. Calculate the remainder when o is divided by 13*(1 + 0 + 0).
12
Let c(a) = -a**2 + 4*a + 6. Let l be c(8). Let v = l + 60. What is the remainder when v is divided by 12?
10
Suppose 3*o - 5 = -0*d + 2*d, -2*o - 2*d - 10 = 0. Calculate the remainder when 33 is divided by o*(-2 + (